0016 + 3 + 84/(-7) composite?
False
Suppose -2*r + 4*z + 138742 = 0, -8*r + 3*r + 4*z = -346855. Is r a composite number?
False
Let u = -14714 + 21913. Is u prime?
False
Is (-107751)/(-15) + -1 + (-6)/(-10) prime?
False
Is 250/1 - (77/(-7) - -7) prime?
False
Suppose y + 8*x - 11*x = 12236, 4*x + 24466 = 2*y. Is y composite?
False
Suppose 5*g + c = -0*c - 11, -g - 3*c = -9. Let t be (g + 5 + -4)*48. Let b = -59 - t. Is b prime?
True
Let l(r) = 18*r**2 - 11*r - 3. Let x be l(13). Suppose -z - 1932 = -2*c + z, 0 = 3*c - 5*z - x. Is c a composite number?
False
Let p be (-1 - -5)/((-8)/(-604)). Suppose 3*g - 406 = -4*c, -3*g + p + 102 = 2*c. Suppose -g - 132 = -2*z. Is z prime?
False
Let n = 136 - -75. Is n prime?
True
Suppose -1345 = -4*v + 2*d + 587, -986 = -2*v - 4*d. Is v composite?
True
Suppose -4*k = -4*z + 20, 14 = 3*z - 4*k - 6. Suppose -13*c + 10*c + 2391 = z. Is c a composite number?
False
Suppose 2*c = -0*c + 304. Suppose 560 = 5*k - 13*k. Let x = k + c. Is x a prime number?
False
Suppose 9 = 2*z - 7. Suppose 3*a = z*a. Suppose -b + 291 - 65 = a. Is b a prime number?
False
Let o be ((-16)/6)/(10/(-15)). Suppose o*q + 11 = -3*a, -3*a - 3*q = -q + 1. Is 58 - 1*a/1 a composite number?
True
Suppose 16*c - 95126 = 307322. Is c a composite number?
False
Let a = -13 + 24. Let j(g) = g**2 - 12*g - 9. Let q be j(a). Is 4216/20 + (-4)/q a prime number?
True
Let l(d) = 2*d**2 + 2*d. Let k be l(-2). Suppose k*g - 1195 = 3*j, -j = g - 363 + 73. Is g composite?
True
Let n = -13 - 1. Let z be 141/21 + (-4)/n. Is (-1 - -110)*(-6 + z) a prime number?
True
Suppose -2364 = 19*m - 19597. Is m a composite number?
False
Let a(t) be the third derivative of t**6/60 - t**5/30 + t**4/3 - 11*t**3/6 + 6*t**2. Is a(8) composite?
True
Suppose 3*w = 2*u + 18375, 3*w - 6*u = -u + 18366. Is w a composite number?
True
Suppose -226564 = -7*m - 59943. Is m a prime number?
False
Let d(n) = 5*n**3 + 6*n**2 - 6*n. Let j be d(-5). Let u = j - -792. Is u a prime number?
True
Let v(q) = 74*q - 36*q - 2 + 3 + 36*q. Let t be ((-2)/(-2))/(2/4). Is v(t) a composite number?
False
Suppose -1945393 = -31*y + 413738. Is y a prime number?
False
Is 3/(-4)*(-132528)/36 composite?
True
Let i(g) = -138*g + 149. Is i(-6) a prime number?
True
Let k(x) = 0*x + x + 4*x + x**3 - 6 + 7*x**2. Is k(-5) composite?
False
Let u be (2376/(-60))/(6/(-40)). Suppose -3*y = q - u, -3*q + 0*q + 3*y + 732 = 0. Is q a composite number?
True
Suppose -5*x + 2150 = 7190. Let s = x + 1829. Is s a prime number?
True
Let q(u) = 8*u**2 - 4*u - 28. Let y be q(-7). Let z = y - 205. Is z prime?
False
Suppose 0 = 3*p - 0*p + 63. Let l = p - -25. Is 1/(l - (-993)/(-249)) a composite number?
False
Let h(j) = j**2 + 2*j - 4. Let g be h(4). Let t be ((-2)/(-4))/(2/g). Let k(z) = 2*z + 9. Is k(t) composite?
False
Suppose 5*r + m - 16141 = -0*r, m - 3225 = -r. Is r a prime number?
True
Let q(p) = -2*p**3 + 13*p**2 - 27*p + 23. Let u(w) = -w**3 + 7*w**2 - 13*w + 11. Let m(n) = -4*q(n) + 9*u(n). Is m(8) a composite number?
False
Let b(p) be the third derivative of -1/120*p**6 + 5/24*p**4 + 0*p + 4/15*p**5 - 7/6*p**3 - p**2 + 0. Is b(13) prime?
False
Suppose -47*t = -48*t + 3011. Is t prime?
True
Suppose -728*s + 737*s - 37809 = 0. Is s a prime number?
True
Let i = -2432 + 4077. Let v = i + -895. Suppose -v = -5*y + 445. Is y composite?
False
Suppose 0 = -48*b + 43*b + 2*f + 167969, -5*f = 10. Is b a composite number?
True
Suppose 0*y + 3*a = -2*y - 13045, 32625 = -5*y - 5*a. Let u = 9463 + y. Is u a composite number?
True
Suppose 507*y + 3678 = 513*y. Is y a prime number?
True
Is 792/924*(-47446)/(-4) prime?
False
Let j = -11 + 13. Suppose f - j = 1. Suppose 5*b - 2*t - 145 = 0, -f*t = b + 2*t - 56. Is b prime?
True
Let g be (-1)/8 + 32835/24. Suppose 5*j = 3*j - r + g, j - r - 681 = 0. Is j composite?
False
Suppose 0*v - 2*v + 4 = 0. Suppose v*h - 33 = 1233. Suppose 2*q = -q + h. Is q prime?
True
Suppose q + 864 = -2*q. Let s = q - -156. Is (-2)/4*2 - s a prime number?
True
Let x(q) = 95*q - 3. Let t(s) = -s**3 - 17*s**2 - s - 15. Let o be t(-17). Is x(o) a prime number?
False
Suppose 32*c = 43*c - 214841. Is c a prime number?
True
Let u(t) = 22*t**2 - 462*t + 97. Is u(45) a composite number?
False
Let x = -50 + -74. Let l = 287 + x. Is l composite?
False
Let x be 2289/6 - 4/8. Let r be -2*4/(-8) + x. Suppose -5*w = -7*w + r. Is w a prime number?
True
Let o be (-36)/(-8)*(-2)/3. Let b(d) = d + 4. Let u be b(o). Is 0 + 149*(u + 2) a composite number?
True
Suppose a + 0 = 2. Let y be (-62)/(-4)*a*15. Let f = -86 + y. Is f a prime number?
True
Suppose 3*b + 4320 = -3*f, -3*b - 7209 = 2*b + 2*f. Let u(y) = -2078*y - 2. Let a be u(-1). Let t = a + b. Is t a prime number?
False
Let w be (-5 - -6)/((-1)/(-5)). Suppose w*t = -116 + 786. Is t a composite number?
True
Let k(o) = 8*o**2 - 15*o + 9. Let y(n) = -7*n**2 + 14*n - 8. Let l(g) = -6*k(g) - 7*y(g). Let s be l(8). Let a(b) = 63*b**3 - 3*b**2 + 2*b + 1. Is a(s) prime?
False
Suppose -7*o - 2028 = -40073. Is o composite?
True
Let n = 4558 - 2801. Is n prime?
False
Let y = -8 + 11. Suppose -2*g + y*a = g - 1992, -a + 1331 = 2*g. Let h = -372 + g. Is h a prime number?
True
Let x = 911 - 123. Let n be x/28 - 2/14. Let b = 25 + n. Is b composite?
False
Suppose -5*g = -10*g + 30. Suppose -r = -g*r + 4535. Is r composite?
False
Let r(v) = -v**3 + 34*v**2 - 14*v - 56. Is r(17) prime?
False
Suppose 29*y = 74849 + 901610. Is y prime?
False
Let c(g) = -g**3 + 26*g**2 + 2*g - 48. Let k be c(26). Suppose -2*h - y = -899, y + 1791 = k*h - 4*y. Is h a composite number?
False
Suppose -3*v - 2*i - 5 = 0, -i + 0*i + 11 = -3*v. Let f(d) = -121*d + 8. Is f(v) composite?
True
Is ((-132)/(-330))/(2/14635) composite?
False
Let h = 50 - 42. Suppose 0 = -0*n - h*n + 1240. Is n a prime number?
False
Let s(u) = u**3 + u**2 - u + 5. Let z be 2/(-5) + 12/30. Let p be s(z). Is (-1 - -112)*p/5 prime?
False
Let r(q) = -3*q**2 + 3*q - 2. Let c be r(1). Let n = 18 - c. Suppose -11*m - n = -13*m. Is m prime?
False
Suppose -7*c - 12 = -5*c. Let a be c/8 - 36/(-48). Suppose a = 6*j - j - 265. Is j prime?
True
Let o = -1635 - -3483. Let f = o + -1099. Is f a prime number?
False
Let l be 1/((-4)/6 - 3310/(-4974)). Let b = 1598 + l. Is b prime?
True
Let l(p) = 5*p**2 + p - 1 - p**2 - 1 - 4. Let g be l(5). Suppose -g - 95 = -2*d. Is d a prime number?
True
Let q = -14 + 17. Suppose -f = q*f - 4. Is ((f - -1) + 360)/2 prime?
True
Is (372/(-279))/((-8)/30786) prime?
False
Suppose -12*j + 11057 = -52747. Is j prime?
False
Let l(g) = -g**3 + 6*g**2 - 6*g + 4. Suppose 5*k - 34 = -9. Let z be l(k). Is (z/1)/((-1)/37) a composite number?
False
Let f(s) = 2902*s**2 + 2*s + 11. Is f(3) prime?
False
Is 4/(-6) - (-43930)/6 a composite number?
False
Suppose -2*x = 2*x + 36. Let n be 4 - -1*(10 + 0). Let j = n - x. Is j prime?
True
Let j(z) = 27357*z**2 + 5*z + 3. Is j(-1) a prime number?
False
Let j(w) = -2*w - 1. Let s be j(1). Let m(o) = -69*o + 4. Is m(s) prime?
True
Is 14108 - 2/(18/(-6) - -5) composite?
False
Suppose 18 = 4*a - 34. Let f be -8 - (-237)/3 - -2. Suppose t = f + a. Is t a composite number?
True
Let x = -27445 + 49158. Is x composite?
False
Let o(f) = 94*f - 3. Let i be o(-5). Let t = 738 + i. Is t a prime number?
False
Suppose 5*z = 4*g + 22, -2*z + z - 34 = 4*g. Let f(v) = -42*v - 7. Is f(g) composite?
True
Suppose -984 = 12*q - 15*q. Is q - (-4 + 1)*(-1 - -2) a prime number?
True
Suppose -2*z = 4*j - 16, -3*j - 3*z - 2*z = -26. Suppose -2*k + 56 = 3*b, j*b - 6*b = 3*k - 85. Is k a prime number?
True
Let v(r) = r**2 - 5*r - 1. Let a be v(6). Let k(y) = 7*y - 6*y**2 - y**2 + 2*y**3 - 5*y**2 - y**3 + a. Is k(12) composite?
False
Is (-80918*6/(-8))/(12/8) prime?
True
Suppose 997 = 2*b - w, -2*b + 656 = -2*w - 340. Is b composite?
False
Suppose -4*o + 109 = -403. Let d = 296 - o. Suppose -28 = 4*l - d. Is l a prime number?
False
Let s(j) = 2*j**3 - 3*j**2 + 3*j. Let v be s(2). Let z be ((-6)/v)/((-7)/35). Is ((-2)/z)/(16/(-6168)) prime?
True
Let i = 5934 - 2125. Suppose -2279 = -3*x - z - z, i = 5*x - 2*z. Is x a prime number?
True
Let h = -48 + 6. Is 1 - (18/h + 9346/(-14)) prime?
False
Let q(u) = 3*u**3 + u**2 + 9*u + 5. Suppose 3*a = -5*z + 35, -5*z + 3*a = -0*a - 35. Let r be q(z). Let m = r + -385. Is m a comp